 of h?
3
Let r = 22 - 17. Suppose 3*n + 502 = r*v, -3*v + 0*n + 300 = -3*n. What is the hundreds digit of v?
1
Let a(x) = 4*x**3 - 6*x**2 - 10*x + 31. What is the tens digit of a(9)?
7
What is the hundreds digit of (-577)/(3*(-5)/15)?
5
Let v be 27/(-5) + 2/5 - 2. Let r = 35 - v. What is the units digit of r?
2
Suppose -15*m = -2*m - 2964. What is the tens digit of m?
2
Let d be (-36)/(-7) + 3/(-21). Suppose -2*z + 3*f = -7*z - 14, f + d = -2*z. What is the units digit of 15 - (-3 + 5) - z?
4
Let q(v) = -2*v**2 + 9. Let d be q(6). What is the units digit of d/(-1) - (5 + -8)?
6
Let h be (-3 - -2)/((-3)/33). Let s = h + -4. What is the units digit of 6/s*(22 - -6)?
4
What is the tens digit of (-36 - -6)/(-6) + -4 - -77?
7
Let t be 5/(-2)*66/(-55). Let y be (-23)/(-2) + 3/6. Suppose 4*z - 5*i + 2 = -t*i, 4*z = 4*i - y. What is the units digit of z?
2
Suppose -t = 12*u - 8*u - 1818, -5*t + u + 9153 = 0. What is the hundreds digit of t?
8
Let d = -148 - -543. What is the hundreds digit of d?
3
Let d(j) = 119*j**3 + 5*j**2 - 4*j. Let h be d(1). What is the hundreds digit of (222/5)/(24/h)?
2
Suppose 80*s + 10534 = 82*s. What is the thousands digit of s?
5
Let i(a) = 7*a**3 - 12*a**2 + 23*a - 6. What is the hundreds digit of i(6)?
2
What is the units digit of 678 + 9*((-2)/9)/(-1)?
0
Suppose 0 = -3*u + 7*u - 264. Let l = u - -30. What is the tens digit of l?
9
Let c(j) be the third derivative of j**5/60 - 13*j**4/24 + 5*j**3/3 + 2*j**2. Let m(v) = 3*v - 17. Let h be m(10). What is the units digit of c(h)?
0
Suppose 2*d - 3*d - 72 = 0. What is the units digit of d/21*(-38 - -10)?
6
Let f(y) = y**3 + 18*y**2 - 48*y - 24. What is the tens digit of f(-15)?
7
Let x(w) = 12*w + 6*w - 4*w - w**2. Suppose -5*h = -19 - 31. What is the tens digit of x(h)?
4
What is the hundreds digit of -4 + (2 + -3 - 1) - -285?
2
Let v(s) = -5*s**2 - 2*s + 1. Let r be v(-2). Let o be -10*2*3/r. Suppose -2*k + 6*k - 3*z = 107, o = -4*z. What is the tens digit of k?
2
Suppose -92739 = 175*g - 194*g. What is the tens digit of g?
8
Suppose 0*z + 36 = 3*z. Let i = z - 5. Let u(b) = 3*b - 9. What is the tens digit of u(i)?
1
Let w = -29 + 200. Suppose n = -3*v - 71, 0*v + w = -3*n + 5*v. Let t = -15 - n. What is the tens digit of t?
4
Suppose 4*q - 26 - 6 = 0. Let r(y) = -y**2 + 8*y + 8. What is the units digit of r(q)?
8
Suppose -r + 2*k + 8 + 8 = 0, r + 14 = -4*k. Suppose g = 25 + r. What is the tens digit of g?
3
Let v = -6 - 1. Suppose 4 + 19 = -k. Let i = v - k. What is the units digit of i?
6
Let z(l) = 0*l - 10 + 6*l - l. What is the units digit of z(6)?
0
Let q(h) = 7*h + 54. Let x be q(-7). Suppose 4*g - x*i = 594, 5*i = g + 2*i - 152. What is the hundreds digit of g?
1
Let g(u) = -u**2 + 10*u + 9. Let l(z) = 2*z**2 - 4*z + 2. Let d be l(3). What is the units digit of g(d)?
5
Suppose 2*h = 2*r - 8, 0*r - r = 3*h + 4. Let b be 0/(0 - h) - -66. Suppose b - 3 = 3*s. What is the units digit of s?
1
Suppose 0 = 3*x - 6, -5*g - 4*x + 86 = 8. Suppose 103 = -13*p + g*p. What is the units digit of p?
3
Let s be 2*-2 + 110/10 - 4. Suppose 0 = -2*i - 4*b - 67 + 655, 4*i + s*b - 1156 = 0. What is the units digit of i?
6
Let v(i) = i**3 + 7*i**2 + 9*i + 8. Let n be v(-6). Let b(o) = o**3 + 13*o**2 + 14*o + 20. What is the tens digit of b(n)?
8
Suppose 25*g - 20*g - 410 = 0. What is the units digit of g?
2
Let n(y) = 0 - 45*y + 0 + 8*y. Let z be ((-6)/4 - -1)*2. What is the units digit of n(z)?
7
What is the tens digit of 0 - 6208/32*(-1)/2?
9
Suppose -2*n + 22 = 3*p - 9, p - 7 = n. Suppose -f = -p + 3. Let v(z) = 2*z**2 - 9*z + 2. What is the tens digit of v(f)?
2
Let m(f) = -f**3 - 16*f**2 + 38*f - 9. What is the hundreds digit of m(-24)?
6
Let q(w) = 2 - 2*w + 0*w - 9 + w. Let i be q(-7). Suppose 4*g - 48 = -i*g. What is the tens digit of g?
1
Let l(q) = -q + 535. What is the units digit of l(-12)?
7
Let t(w) = -w**3 - 11*w**2 + 9*w - 7. Suppose -11*s = 31 + 101. What is the units digit of t(s)?
9
Suppose 12 = 4*x - 2*i, -i = x - 0*i. Suppose -l = -x*l. Suppose g + 5*q = -8, 3*q + 16 = -l*g + 5*g. What is the units digit of g?
2
Suppose 2*t - 18 = 6*r - 3*r, -4*t = 3*r - 72. Suppose t*z + 95 = 20*z. What is the tens digit of z?
1
What is the thousands digit of (-5 + (-5 - 38/(-4)))*-6756?
3
Let c = -336 + 843. What is the hundreds digit of c?
5
Let j(a) = -a**3 + 10*a**2 + 5*a - 2. Let v be j(9). Suppose l + v = 5*l. What is the tens digit of l?
3
Suppose 2*u + 5*o = 189, 3*u + o = -o + 267. Let v = u - 86. What is the units digit of v?
1
Suppose 106 = -l - 58. Let s = l - -281. What is the units digit of s?
7
Let q(c) = c**2 - 6*c + 6. Let v be q(8). Let m(b) = 8*b - 10*b + 2 - 17*b - v*b. What is the tens digit of m(-1)?
4
Let b(m) be the third derivative of -m**6/30 - m**5/15 - m**4/24 + m**3/3 - 11*m**2. What is the units digit of b(-2)?
0
Let n(s) = -s + 9. Let y(c) = c**3 + 6*c**2 - 4*c + 2. Let i be y(-6). Suppose -i + 2 = 3*b. What is the units digit of n(b)?
7
Let q(j) = j + 2. Let f be q(4). Let i be (-1 - 0)*f/(-2). Suppose 0*w + i*w = 111. What is the tens digit of w?
3
Suppose v + 6 = -3*i, -6*i + 12 = -11*i - v. Let j be 1 - (1 - 0) - i. What is the tens digit of (-4 + j)*-13*1?
1
Let d be (-1)/((-4)/(-12)) + 11. Suppose d*l - 546 + 122 = 0. What is the tens digit of l?
5
What is the hundreds digit of (5216/48)/(2/39)?
1
Suppose 9 = 6*y - 3*y. Let u(l) = 42*l**2 + l**y - 2 + 5*l - 49*l**2 + 6. What is the units digit of u(7)?
9
Suppose 18*q - 94308 = -11*q. What is the hundreds digit of q?
2
Suppose 6*a - 9*a = -4*p + 378, -370 = -4*p - a. What is the units digit of p?
3
Let j be ((-27)/18)/(3/(-4)). What is the hundreds digit of (3 + -4)/(j/(-244))?
1
Let x = 151 - 138. Let n(u) = u**3 - 11*u**2 - 6*u + 21. What is the units digit of n(x)?
1
Suppose 0 = -0*b + 5*b - 4*q - 3935, -3*q = 3*b - 2361. Suppose u + 193 = 2*u - h, 4*u - b = h. What is the hundreds digit of u?
1
Suppose 58*d - 100601 = -24505. What is the thousands digit of d?
1
Let p be ((-6)/(-8))/((-75)/(-200)). Suppose -2*b = p*t - 5 - 3, 5*b + 25 = 4*t. Suppose 5*o = h - 50, 4*h + t*o + 155 = 8*h. What is the units digit of h?
5
Let g = -1914 - -1930. What is the tens digit of g?
1
Suppose 0 = -4*m - m + 15. Let c be (-20)/m*21/(-14). Suppose 0 = 6*g - c*g + 124. What is the units digit of g?
1
Let s = -37 + 21. Let d = 23 + s. What is the units digit of d?
7
Let m = 0 - 0. Suppose -35*l = -0 - 175. Suppose -l*k + 5*y + 35 = m, -4*k + 12 = 3*y + y. What is the units digit of k?
5
Let y(k) = 20*k + 58. Let w be y(22). Suppose -2*o + 4*g + w = 0, -o + g = -0*o - 245. What is the hundreds digit of o?
2
Let u(g) = -12 - 2*g + 6*g + 5*g. Let k be 174/30 - 2/(-10). What is the tens digit of u(k)?
4
Suppose 3*h - 4*h = c + 7, 4*h = 3*c - 14. Let g(p) = 5*p**2 - 4*p + 9. What is the tens digit of g(h)?
5
Suppose 4 = 3*f + 1. Let n(k) = 22*k**2 - k + 1. Let a be n(f). Let w = a - -6. What is the units digit of w?
8
Let b be (-18)/(-45)*(-600)/2. Let t = 436 + b. Suppose -5*l = -t + 41. What is the tens digit of l?
5
What is the hundreds digit of ((-2414)/71)/(1*1/(-22))?
7
What is the hundreds digit of (-339)/(-3) - 1 - -1?
1
Let c be 3/18 - 92/(-24). Suppose 0 = i - c*i + 243. What is the tens digit of i?
8
Suppose 11*n = 15*n - 2628. What is the tens digit of n?
5
Let o be -1 + 7 - (-4)/(-1). Suppose o*g - 114 = -0*g. What is the tens digit of g?
5
Let a(p) = 120*p - 7. Let l(v) = -v + 1. Let r(o) = -a(o) - 5*l(o). What is the tens digit of r(-1)?
1
Let t = -45 - -2827. What is the tens digit of t?
8
Suppose 3*c + c = -12. What is the units digit of (1/c)/(-3*(-3)/(-1485))?
5
Suppose -a = -3*t - 4*a + 16587, 0 = -5*t + 2*a + 27652. What is the units digit of t?
0
Let i = -33 + 393. What is the tens digit of i?
6
Suppose 74*f = 72*f + 1748. Suppose 0 = 5*k + 224 - f. What is the tens digit of k?
3
Let b(f) = 43*f + 233. What is the tens digit of b(11)?
0
Let l = 22 - 15. Suppose u + 4*u = 50. Let h = u + l. What is the tens digit of h?
1
Suppose 10*s - 5*s = -45. Let h(m) = 3*m**2 + 18*m + 12. What is the units digit of h(s)?
3
Let i = -1573 + 5769. What is the thousands digit of i?
4
Let l = -1287 + 2323. What is the tens digit of l?
3
Let r(q) = -q**2 + 16*q - 20. Let x be r(11). Let m be (-4)/10 - (-14)/x